u) = 19*q(u) + 2*t(u). Calculate a(-26).
-27
Let m(c) = 8*c**2 + 15*c + 24. Let o(l) be the second derivative of -23*l**4/12 - 22*l**3/3 - 34*l**2 - 297*l. Let d(w) = 17*m(w) + 6*o(w). What is d(-4)?
4
Let b(c) = c - 2. Let n = 43 - 38. Let k(p) = 8*p - 10. Let d(l) = n*b(l) - k(l). Calculate d(-4).
12
Let t(u) = u**2 - 6. Let w(a) = -4*a - 9. Let n be w(-3). Let k(s) = 4*s - 20*s**3 - 13*s + 8*s**2 + 21*s**n. Let l be k(-9). What is t(l)?
-6
Suppose -3*m + 9*m = -0*m. Suppose 5*y - 2*y - 9 = m. Let c(z) be the third derivative of -z**4/8 + 2*z**3/3 + 2*z**2. Calculate c(y).
-5
Let q(v) = v**3 - 2*v + 2. Suppose 2*s + c + 2*c = -9, -4*c - 8 = 4*s. Suppose -4*p = -2*m - s + 5, 4*m - p = 4. Let w be (-15)/5 + m - -4. Determine q(w).
6
Let l(a) = 3*a - 3*a + 5*a + a**3 - 2*a + 4. Suppose -6*n + 51 = 51. What is l(n)?
4
Let k(x) = 4*x**3. Let f be k(1). Let o(h) be the second derivative of 0 - 1/4*h**4 - h - 3/2*h**2 + 1/20*h**5 - 1/6*h**3. What is o(f)?
9
Let r(a) be the third derivative of a**6/360 + 17*a**5/120 + a**4/8 + 11*a**3/6 - 9*a**2 + 12. Let n(m) be the first derivative of r(m). Determine n(-17).
3
Let h(b) = b**3 - 8*b**2 - 3*b - 34. Suppose -v + 0 = -4*y + 7, -5*v + 49 = y. Calculate h(v).
20
Let u(b) = -b**3 - 7*b**2 + 11*b + 31. Let f be u(-8). Let v(z) = z**2 + 6 - 2*z**2 + 3 + 3*z. Calculate v(f).
-19
Suppose -5*p - 5*l + 60 = 0, 5*p = 2*p + 4*l + 50. Suppose 5*a = t + 7 + p, 9 = t + 5*a. Let m(w) = w**3 + 6*w**2 + 6*w + 2. Determine m(t).
-34
Suppose 261 = -2*y + 283. Let t be ((-2)/4)/((-2)/12). Let n(i) = -1 - 4*i**2 + 16*i**3 - y*i**t - 6*i**3 - 4*i. Calculate n(-3).
2
Let z(d) = d**3 + 5*d**2 + 1. Suppose 2*y + 8 = m, -202*y + 198*y = 4*m + 28. Give z(y).
1
Let w(j) be the second derivative of j**5/20 - 11*j**4/12 + 11*j**3/6 - 5*j**2 + 8*j. Let p = -15023 + 15033. Calculate w(p).
0
Suppose -6*f + 113 = -157. Suppose -f + 20 = 5*k. Let j(g) = -2*g - 5. Determine j(k).
5
Let i(d) = 11 + 4*d - 7*d**2 - 2*d - 3*d**3 - 9 + d**3 + 3*d**3. Suppose -20*v - 43 = -163. Calculate i(v).
-22
Suppose 0*r = 4*r + 16. Let o be (r/12)/((1/(-6))/1). Let z be 32/14 + o/(-7). Let v(s) = s**2 - s - 1. What is v(z)?
1
Let g(q) = -53*q**2 + 28*q**2 - 22*q**2 - q**3 + 28*q**2 - 13*q + 32*q**2 + 2*q**3 + 12. Let s be -1 + 0 - (5 - -8). What is g(s)?
-2
Suppose 25 = 5*z + 5*w, 3*z - 4*w + 10 = 2*z. Let l(g) = g**3 + 39*g**2 - 4*g**2 - 1 + 6 - 14*g**2 - 15*g**z - g. Give l(-6).
11
Let n(b) = 2*b**2 - 7*b + 20. Let p be (10/15)/((-98)/(-1323)). Determine n(p).
119
Let v(i) = 293*i**2 - 16*i + 48. Let f(p) = 213*p**2 - 12*p + 36. Let k(j) = 11*f(j) - 8*v(j). Calculate k(-7).
-9
Let y(s) = -s**2 - 6*s - 4. Suppose z = -4*z - 20. Let h be (-4 - z) + (-24)/(-2). Suppose -2*m - m - h = 0. Determine y(m).
4
Let r(g) = 182*g - 4*g**2 - 154*g + 5*g**2 + 22 + 4 + 180. What is r(-15)?
11
Let q(k) be the first derivative of -22 + 1/3*k**3 + k**2 - 2*k. Give q(-4).
6
Let r(b) be the first derivative of -9*b**2/2 - 2*b + 6. Let j(k) = k**3 - 3*k**2 - 4. Let t be j(3). Let a be t*2/4*1. Calculate r(a).
16
Let i(t) be the first derivative of -85*t**2 - 7*t - 257. Determine i(-1).
163
Suppose 5 + 7 = 4*i + 4*d, 0 = -5*i + 4*d + 33. Suppose -3*x + i + 4 = 0. Let r(b) = -4 + 559*b - 1079*b + 521*b + 0. Determine r(x).
-1
Let b(h) be the third derivative of -h**6/120 + h**5/10 - h**4/8 + 37*h**3/6 - 161*h**2 - 2*h. What is b(6)?
19
Let f(z) = 71*z**2 - 98*z - 64. Let a(s) = 16*s**2 - 24*s - 16. Let w(v) = 9*a(v) - 2*f(v). Determine w(10).
-16
Let p(f) = -32*f - 65. Let q(y) = 10*y + 1. Let l(r) = p(r) + 4*q(r). What is l(8)?
3
Let d be (-2 + (-148)/12)*36/(-12). Let u = d + -42. Let x(b) = 3*b - 1. What is x(u)?
2
Let u(n) = 170 + 28589*n - 57196*n + 28564*n. What is u(4)?
-2
Let c(z) = z + 5. Suppose 5*w - 2*v + 1 = 10, 5*v = 4*w - 14. Let x be (-6 - -7)*(6 - w). Determine c(x).
10
Suppose 54 = -7*c + 117. Suppose -c*s = 10*s + 114. Let k(v) = v**3 + 6*v**2 - v - 5. Let n(y) = -y - 1. Let l(p) = k(p) + n(p). Calculate l(s).
6
Let a be 90/20*(-120)/(-9). Suppose -9*r + 19*r = a. Let c(z) = z + 1. Determine c(r).
7
Let j(r) be the third derivative of r**6/120 - r**5/30 + r**3/3 - 2*r**2. Suppose m + 2*d - 2 = 0, -1 = -m + d + 4. Suppose -3 = -m*i + 5. What is j(i)?
2
Let r(k) = 238*k + 1188. Let q be r(-5). Let o(h) = 4*h**2 + 2*h + 4. Let c(s) = -1 - 2 - 3*s**2 - 2*s + 0. Let b(t) = q*o(t) - 3*c(t). Calculate b(2).
9
Let a(d) be the second derivative of -37*d + 0 - 1/3*d**3 + 4*d**2. What is a(6)?
-4
Let d(g) be the first derivative of 13*g**2/2 + 2171. Give d(-6).
-78
Suppose -13 = -5*w + 17. Suppose -w*h = -0*h - 12. Let c(n) = 0*n - n**3 - 2*n + 5*n**2 + n**h + 8 + 3*n**2. Determine c(9).
-10
Let j(y) be the second derivative of -y**5/60 + y**4/4 + y**3/3 + 14*y**2 - 4*y - 13. Let b(g) be the first derivative of j(g). Determine b(8).
-14
Let h(n) = -4 + 3*n + 0*n - 2*n. Suppose 0 = t - p - 6, -p = -5*t + 2 + 12. Suppose -2*f + 5*q - 3*q = t, 4*f + 2*q - 26 = 0. What is h(f)?
0
Let d = 104 + -99. Suppose -91*r + 90*r - d = 0. Let a(j) = 3 + 3*j + j**2 + 4*j + 0*j. Calculate a(r).
-7
Let j be (60/50)/(3/(-10)). Suppose 4*i - 8 = -0*i. Let u be -1 - ((-8)/i - j). Let m(w) = 12*w**2 - 2*w - 1. Give m(u).
13
Let h(p) = 62*p - 2783. Let x be h(45). Let y(f) = f**3 - 7*f**2 + 3*f - 7. Determine y(x).
14
Let b be 1/4 - 318/(-8). Suppose d = 20 + 17. Let j(p) = 2*p + p - 5*p - 2*p**2 - d + b. Determine j(-3).
-9
Let t(w) be the second derivative of 35*w + 1/12*w**4 - w**2 - 1/2*w**3 + 1/10*w**5 + 0. Calculate t(-2).
-8
Let w(d) be the second derivative of 1/6*d**3 + 2/3*d**4 - 5*d + 0 + 1/20*d**5 + 11/2*d**2. Suppose 2*o - 11*l + 15*l + 12 = 0, 0 = -5*l + 5. Calculate w(o).
3
Let w(t) = 2*t**2 - t + 1. Let d(v) = -21*v**2 + 16*v - 15. Let c(g) = 2*d(g) + 22*w(g). Let f(q) = -q**3 + 6*q**2 + 5*q - 56. Let s be f(5). Calculate c(s).
4
Let p(s) = s**3 - 8*s**2 - s + 4. Let v(g) = 3*g - 83. Let w be v(34). Suppose -109 = -w*a + 43. Determine p(a).
-4
Let q(u) be the first derivative of -239 + 24*u + 1/2*u**2. Determine q(0).
24
Let a(r) = -137 - 156 - 149 + 420 - 2*r. What is a(2)?
-26
Suppose 4*c + 16 = 96. Let x(s) = -2*s**2 + s**2 + 12*s + c - 10 + 2*s**2. Give x(-11).
-1
Let l(j) = 1031347*j - 1031348*j - 4 + 25. What is l(9)?
12
Let b(c) be the second derivative of -1/12*c**4 - 2/3*c**3 - 2*c + 1/2*c**2 + 1. Calculate b(-4).
1
Let h(w) = w**2 + w - 4. Suppose 78*g = 80*g - 90. Let c(u) = -g - 15*u + 9*u + u**2 + 28*u. Let l be c(-24). Calculate h(l).
8
Suppose 20 = x - z, -2*x + 5*x = -5*z + 28. Suppose -19*d = x*d. Let h(b) be the third derivative of b**4/24 + b**3 + b**2. What is h(d)?
6
Let v(o) = 7*o**2 - 13*o - 9. Let g(m) = 13*m**2 - 25*m - 18. Let h(u) = 6*g(u) - 11*v(u). Let z(w) = -179*w - 3572. Let c be z(-20). Determine h(c).
-1
Let s(o) = -6963 + 3503 + 6*o**2 + 3466 - 5*o**2 - 11*o. Let z(l) = -l**3 + 4*l**2 + 3*l - 3. Let w be z(2). What is s(w)?
6
Suppose -2*l + 16 = -3*m, 0 = -3*l + 9*m - 7*m + 14. Suppose -p = l*t - 14 - 8, -5*t + 49 = p. Let x(h) = h**2 - 12*h + 1. Give x(t).
-26
Let c(g) = -2*g**3 + 5*g**2 + 4*g - 6. Let i = 147 - 142. Suppose 4*x - 2 = -i*q + 18, 0 = -2*x. Give c(q).
-38
Suppose 263*u + 16 = 265*u. Let r(g) = 4*g + 8. Let c(b) = -11*b - 24. Let y(a) = u*r(a) + 3*c(a). Calculate y(-8).
0
Let z(g) = -2*g**2 + 9. Suppose -5*q - 7 + 32 = 0. Let o(c) = -c**2 + 9. Let k(s) = q*z(s) - 6*o(s). Let y(b) be the first derivative of k(b). What is y(-1)?
8
Let d(i) = -2*i**2 + 31*i - 5. Let q be d(15). Let a(j) = -4*j**2 + 7*j - 4. Let f(g) = 5*g**2 - 6*g + 5. Let l(n) = -4*a(n) - 3*f(n). Calculate l(q).
1
Let p be 511 + -499 + (-1)/((-1)/(-1)). Let g = 16 - 10. Let r(n) = -12*n - 6*n**2 + 3 - g*n**2 + 4 + 2*n**2 + n**3. Calculate r(p).
-4
Suppose -3*i - b = -49, -4*i - b - 2*b + 57 = 0. Let h = i - 18. Let m(g) be the first derivative of g**2/2 - 5*g - 2. Determine m(h).
-5
Let x(l) = 125 + 5*l - 261 + 16*l + 114 + 3*l. Calculate x(1).
2
Let u(w) = 99*w + 101. Let y be u(6). Let p = y + -688. Let s(r) = r**2 - 5*r - 6. Calculate s(p).
8
Let w(s) = -18*s - 117. Let h be w(-20). Let q = -248 + h. Let y(m) = m**2 + 4*m - 4. What is y(q)?
1
Let t = 38 + -31. Let m be (-5 + t)*12/8. Suppose x + m*o - 5 = 0, 2*x - 3*o = -3*x - 11. Let z(k) = 5*k + 1. 